{"version":"1.0","provider_name":"TuzlaInfo.ba","provider_url":"https:\/\/tuzlainfo.ba","author_name":"nedim","author_url":"https:\/\/tuzlainfo.ba\/index.php\/author\/nedim\/","title":"Prekid vodosnabdijevanja u dva dijela Tuzle","type":"rich","width":600,"height":338,"html":"<blockquote class=\"wp-embedded-content\" data-secret=\"CPuudv6XLz\"><a href=\"https:\/\/tuzlainfo.ba\/index.php\/novosti\/item\/314709-prekid-vodosnabdijevanja-u-dva-dijela-tuzle\/\">Prekid vodosnabdijevanja u dva dijela Tuzle<\/a><\/blockquote><iframe sandbox=\"allow-scripts\" security=\"restricted\" src=\"https:\/\/tuzlainfo.ba\/index.php\/novosti\/item\/314709-prekid-vodosnabdijevanja-u-dva-dijela-tuzle\/embed\/#?secret=CPuudv6XLz\" width=\"600\" height=\"338\" title=\"&#8220;Prekid vodosnabdijevanja u dva dijela Tuzle&#8221; &#8212; TuzlaInfo.ba\" data-secret=\"CPuudv6XLz\" frameborder=\"0\" marginwidth=\"0\" marginheight=\"0\" scrolling=\"no\" class=\"wp-embedded-content\"><\/iframe><script>\n\/*! This file is auto-generated *\/\n!function(d,l){\"use strict\";l.querySelector&&d.addEventListener&&\"undefined\"!=typeof URL&&(d.wp=d.wp||{},d.wp.receiveEmbedMessage||(d.wp.receiveEmbedMessage=function(e){var t=e.data;if((t||t.secret||t.message||t.value)&&!\/[^a-zA-Z0-9]\/.test(t.secret)){for(var s,r,n,a=l.querySelectorAll('iframe[data-secret=\"'+t.secret+'\"]'),o=l.querySelectorAll('blockquote[data-secret=\"'+t.secret+'\"]'),c=new RegExp(\"^https?:$\",\"i\"),i=0;i<o.length;i++)o[i].style.display=\"none\";for(i=0;i<a.length;i++)s=a[i],e.source===s.contentWindow&&(s.removeAttribute(\"style\"),\"height\"===t.message?(1e3<(r=parseInt(t.value,10))?r=1e3:~~r<200&&(r=200),s.height=r):\"link\"===t.message&&(r=new URL(s.getAttribute(\"src\")),n=new URL(t.value),c.test(n.protocol))&&n.host===r.host&&l.activeElement===s&&(d.top.location.href=t.value))}},d.addEventListener(\"message\",d.wp.receiveEmbedMessage,!1),l.addEventListener(\"DOMContentLoaded\",function(){for(var e,t,s=l.querySelectorAll(\"iframe.wp-embedded-content\"),r=0;r<s.length;r++)(t=(e=s[r]).getAttribute(\"data-secret\"))||(t=Math.random().toString(36).substring(2,12),e.src+=\"#?secret=\"+t,e.setAttribute(\"data-secret\",t)),e.contentWindow.postMessage({message:\"ready\",secret:t},\"*\")},!1)))}(window,document);\n\/\/# sourceURL=https:\/\/tuzlainfo.ba\/wp-includes\/js\/wp-embed.min.js\n<\/script>\n","thumbnail_url":"https:\/\/tuzlainfo.ba\/wp-content\/uploads\/2024\/08\/1308_redukcija_nemavode.jpg","thumbnail_width":1000,"thumbnail_height":562,"description":"Dio stanovnika Tuzle danas je bez vode zbog kvarova na vodovodnoj mre\u017ei, saop\u0107eno je iz JKP \u201eVodovod i kanalizacija\u201c Tuzla. Bez vodosnabdijevanja je dio ulice Mu\u0161inac, gdje je do\u0161lo do kvara na cjevovodu. Ekipe bi kvar trebale sanirati tokom dana, nakon \u010dega se o\u010dekuje normalizacija vodosnabdijevanja. Zbog drugog kvara na cjevovodu bez vode je i [&hellip;]"}

Dio stanovnika Tuzle danas je bez vode zbog kvarova na vodovodnoj mreži, saopćeno je iz JKP „Vodovod i kanalizacija“ Tuzla. Bez vodosnabdijevanja je dio ulice Mušinac, gdje je došlo do kvara na cjevovodu. Ekipe bi kvar trebale sanirati tokom dana, nakon čega se očekuje normalizacija vodosnabdijevanja. Zbog drugog kvara na cjevovodu bez vode je i [&hellip;]
